-24)))
19
What is the value of 21 + 27 + -50 + -7?
-9
What is the value of 4 + (7 - 10 - -2)?
3
Calculate -32 - (-75 + 24 + 37).
-18
What is 17 + -24 + -11 + 17?
-1
Evaluate (32 - (-39 - -27)) + -9 + 0.
35
What is the value of 2 - (14 + (-4 - (-3 + 6)))?
-5
24 - (27 + -7 + 0)
4
What is 8 - (3 - -9) - 1?
-5
What is the value of 4 + -1 + 0 - (239 + -232)?
-4
4 + ((2 - -1) + -7 - -8)
8
Calculate -3 + 11 - (10 + -19).
17
-53 - (-20 + -18) - (-2 - (2 + 2))
-9
What is (2 - 8 - -11) + 1 + -1 + -3?
2
What is 3 + 9 + -1 + -14 + -14?
-17
Evaluate -36 - ((68 - 73) + 1 + -6).
-26
Calculate -4 - (-2 + 14 + (2 - 10)).
-8
Calculate (-1 + -7 - -27) + -11.
8
(-9 - -3) + -6 + (5 - -1) + 0
-6
Evaluate -1 - 2 - 7 - -5 - -1.
-4
23 + 0 - (4 - (4 + -4 + -1))
18
What is 31 + (-168 + 165 - (-3 - (-3 + 2)))?
30
What is 13 + (6 + -9 + -3 - -9)?
16
Calculate (3 + 4 - (-8 + -17 + 17)) + 1.
16
Evaluate -18 + 39 + (-6 - -9) + 12.
36
What is (6 - -25) + -46 + 8?
-7
What is the value of 2 + (-9 + (10 - -12) - 31)?
-16
Evaluate 1 - (-2 + (5 - -10)).
-12
What is the value of 9 + 11 - ((1 - -9) + -1)?
11
Calculate -9 - (16 + (-8 + -1 - 3)).
-13
19 - ((-26 - (-67 - -23)) + 2 + -13)
12
What is -90 - -28 - -48 - (-13 - -1) - 25?
-27
What is -2 + -3 + (12 - 1) - (3 - -18)?
-15
Calculate 2 + 19 - 3 - 15.
3
Evaluate 0 + 1 + (131 - 133) + 2 + 0.
1
What is the value of (16 - (-11 + 26)) + -11?
-10
Calculate -8 - (-2 - (1 - 2 - -8)).
1
What is the value of (2 - 3) + -38 + 47?
8
What is (-3 - 2) + (-1 - 1)?
-7
Calculate -1 - 0 - (0 + -43 - -14).
28
Evaluate (6 - 1) + (-1 + (2 - 3) - -12).
15
-12 - (6 + -23 + 12 + 3)
-10
What is the value of 0 - (-17 - (-9 - ((-4 - -17) + -12)))?
7
What is (-130 - -135) + (-18 - -1)?
-12
What is 25 + 0 + 0 + -16?
9
What is (-3 - (-10 - -4)) + 3 + 6?
12
What is 12 + 3 + -12 - (4 + -8)?
7
What is the value of (-3 - (-4 - (3 + -18))) + (-1 - -1)?
-14
8 - 19 - -7 - -16
12
What is the value of -7 + 1 + 15 + (19 - 3 - 12)?
13
What is (-20 - -13) + (23 - 29) + (-2 - 6)?
-21
What is the value of 1 + -2 + (-4 - -4 - 7) + 7?
-1
Evaluate 8 + (236 - 224 - (1 - -2)).
17
Calculate -7 + (14 + (-2 - (-9 - -4)) - -8).
18
-4 + (2 - 7) + 9 + -14
-14
-19 - -5 - (-1 + -1)
-12
-350 - -391 - (21 + 1)
19
What is the value of (0 - 9) + 16 + -20?
-13
Evaluate 2 + -5 - ((-6 - 20) + 47).
-24
What is the value of 1 + (4 + 3 - (0 + 0))?
8
What is the value of -5 + 13 - (-2 - -10) - -17?
17
1 + -10 + (21 - ((10 - 9) + -6))
17
Calculate -6 + 1 + 955 + -949.
1
What is -100 + 90 - (0 + -2)?
-8
12 - 1 - ((-10 - 19) + 57)
-17
Calculate 0 + 0 + 2 + -2 - (-81 - -82).
-1
Evaluate -21 - (19 + -55) - (-1 + -1).
17
What is the value of 43 - (-37 + 71) - 36?
-27
Calculate -6 - (-1 + 8 - (-6 + 14 - 14)).
-19
What is (-5 - -24) + -1 + (-3 - 1 - 2)?
12
Evaluate 6 - 1 - (16 - (10 - -3)).
2
2 + -12 + -3 + (-37 - -42)
-8
Calculate -4 + (8 - 5) + 5 + -6 + 25.
23
Calculate -6 - (2 + (-5 - -9)).
-12
What is 12 + 2 + (-257 - -239)?
-4
What is the value of (-27 - -10 - -16) + -5?
-6
-15 + 1 - (-4 - -3) - -5
-8
Calculate 15 + -21 + -2 + -8.
-16
What is the value of (11 - (-10 - (-5 - 2))) + -19?
-5
Calculate -22 - ((32 - 22) + -16 + 1).
-17
(-45 - -51) + (4 - 6)
4
((1 - -2) + -2 - -4) + -306 + 323
22
What is (1 - 15) + (-19 - -40)?
7
Calculate -8 + (19 - (7 - (-2 - -4) - 8)).
14
13 + -1 + (3 - 37 - -30)
8
What is (-9 - 0 - (-2 - -1)) + (-85 - -92)?
-1
Evaluate 607 + -617 + -2 + -2 + 27.
13
What is the value of 15 - -13 - (65 - 40)?
3
What is the value of -13 + 0 - (-234 + 229) - -10?
2
12 + 4 - (9 - (-6 + (6 - -4)))
11
-8 - (-6 - -14 - 30) - 39
-25
What is the value of -19 + 3 + 7 + 9?
0
What is the value of 13 + -36 - (-14 + 0)?
-9
Evaluate 5 + -6 + -17 + -11 + 13.
-16
What is 1 - (19 - 1) - (5220 - 5234)?
-3
Evaluate 2 - (-15 + (3 - -12)).
2
What is -2 + (10 - (-13 + 26))?
-5
What is -7 - (11 + 4 + -14 + 13)?
-21
What is the value of (0 - -3 - 1) + (-22 - -16) + 1?
-3
32 + -16 + -18 + 17 + -2
13
What is the value of -23 + 25 + -13 + 8 + 2?
-1
Calculate -13 + (30 - 16 - 8).
-7
Evaluate 12 + -4 + (0 - 3) - 19.
-14
6 + (-3 - -7) + -7 - 13
-10
What is -33 + 8 + 44 - -2?
21
Evaluate (30 - 7) + (-151 - -122).
-6
(-12 - (3 + -10)) + 14
9
31 - (25 + -17) - 32
-9
Calculate 0 - -1 - (-92 - -93).
0
4 - -22 - (32 + 0)
-6
Calculate -12 + 7 + 1 + -4.
-8
What is the value of 5 + -18 + 21 - 19?
-11
-1 + 12 - (3 + 8 + -23 - -19)
4
What is the value of (-11 + 7 - -11) + -6 + 11?
12
Evaluate 12 + (-10 - (13 - -7)).
-18
What is 25 - (0 + 0) - (66 - 64)?
23
What is the value of (7 - 4 - (-3 - -9)) + 323 + -347?
-27
What is the value of -2 + 13 + 4 - (-1 - (-12 - -3))?
7
Calculate (2 - (9 + -1)) + (51 - 52).
-7
What is the value of (33 - 4) + -10 + (0 - -6)?
25
What is 25 + (5 - (53 - 33))?
10
What is the value of -6 - ((26 - 10) + -10)?
-12
Calculate -30 + 10 + 42 + -9.
13
What is 4 - 2 - (25 - 5 - (10 + 0))?
-8
What is 4 - ((-5 - -12 - (3 - 1)) + -9)?
8
Evaluate 12 + -4 + 16 + -7 + -3.
14
Evaluate 40 + (-1 + 9 - 24).
24
Calculate 5 + 1 + 1 + 5 + -13.
-1
9 + 11 + -20 - -11
11
9 - (-54 + 21 + 29)
13
Calculate 69 - (-43 + 82 - -2).
28
Evaluate 12 + -3 - 9 - (11 + -11).
0
21 - 30 - (-15 + -3 + 0)
9
What is the value of -193 + 197 + -6 + -1?
-3
What is the value of -12 - ((-23 - -14) + -3)?
0
8 - 4 - (-15 - (2 - 9))
12
What is the value of (-3 - 1) + (20 - 3) + -11 + 12?
14
27 - (14 - 4 - 8 - -9)
16
-15 - (2 - (14 - 3 - (2 + 1)))
-9
Evaluate (28 - 32) + (1 - -5) - (6 - 2).
-2
What is the value of (-4 - -22) + (2 - 11)?
9
What is the value of -12 + -1 - (1952 - 1981)?
16
Calculate (-16 - -11 - -18) + (-11 - (-2 - 1)).
5
What is the value of 36 - (60 + -14) - -24?
14
Calculate -354 - -350 - (1 - (3 + 2) - -1).
-1
Evaluate (-35 - (40 + -61)) + 1 + 10.
-3
Evaluate 1 + -11 - (-1 - 4).
-5
10 - (37 - (-8 - -27))
-8
Evaluate 5 - (2 - (-6 + (11 - (-2 - -6)))).
4
What is (-15 - 1 - 9) + 23?
-2
What is -33 + 10 + 35 - (1 - 0)?
11
What is (-38 - -44) + (-2 + -2 - -3 - 16)?
-11
What is the value of -175 + 169 + 0 + 15?
9
Evaluate -43 + 1 - 3 - (-232 + 214).
-27
Evaluate 14 + -12 + (-5 - -7) - 0.
4
Evaluate 5 - (-6 + -3 + -2 + 2 + 8).
6
What is -27 + (16 - 11) - -12?
-10
Evaluate (-2 + -18 - (-16 + 20 + -11)) + 5.
-8
7 - 13 - (59 - 82)
17
What is -8 + (2 - (5 - 7)) + 5 + 0?
1
What is -165 + 155 - (-1 + 11) - (-6 - -1)?
-15
Calculate 1 + -7 - (12 + (-3 - 1)).
-14
Calculate -9 - (-5 - -6) - 20 - -15.
-15
Calculate -424 - -382 - (-17 - 2).
-23
Calculate -155 + 168 - (7 - 0).
6
Evaluate (13 - 1) + (-18 + 53 - 63).
-16
(22 - -2 - 3) + -7 + 22 + -21
15
What is -44 - (5 - 23) - (-4 + 4)?
-26
Evaluate -7 + 14 + (24 - 2) + -15.
14
(1 - 6) + (-10 - (10 + -27) - 10)
-8
-1 + 0 + (43 - 16) + -15 - -3
14
What is the value of 0 + 0 - (-4 - (5 - 16)) - -11?
4
Calculate 5 - (-1 + (-14 - -7)).
13
5 + (-5 - -2) + (-5 - (-4 - -1))
0
Calculate 7 + (10 - (6 - -11)) + -7 + 1.
-6
Calculate (9 - (-17 + 14)) + -1.
11
-11 + 17 + -18 + 19
7
Calculate 14 + -78 + 30 + 12.
-22
5 + 2 + 2 + -5 - (18 - 1)
-13
(-15 + 20 - (11 + -5)) + 16 + 0
15
What is the value of (1 - 0) + 1 + 3 + -1?
4
What is -36 + -3 + (41 - 17)?
-15
-8 + -2 - (4 + 8 + -11)
-11
Evaluate -1 + 3 + (-3 - (7 - 9)).
1
-34 + 35 + (2 - 1) - -1 - 32
-29
-3 - 5 - (-1 + 5 + -9)
-3
Calculate 18 + -1 + -6 + (11 - (1 + -15)).
36
What is the value of (13 - -1) + (-8 - (-11 + 9))?
8
What is -2 - ((0 - 9) + -80 + 86)?
1
2 + 2 + -20 + -472 + 470
-18
What is 34 + 0 + -68 + -28 + 91?
29
What is the value of -32 + (29 + -22 - -49)?
24
Evaluate (0 - 7) + 0 + 11 + -3.
1
Calculate 177 + -149 - ((1 - 3) + 3).
27
1 + (-1 - (4 + 2 + -6 + 4))
-4
What is -2 - (10 + -40) - 31?
-3
(9 - 7) + (6 - 2) - -6
12
Evaluate -10 + -2 - (4 + -1 + -2 - -7).
-20
7 + (-26 + -9 - -5 - -13)
-10
Evaluate (5 + (6 - 23) - -3) + 4 + 10.
5
Calculate (10 - 11) + 28 + -6 + 3 - -12.
36
Evaluate 1 + (14 - 3) + 2.
14
Calculate 6 + (-2 - -2) + 13 + -3.
16
-7 + -35 - (-39 + 23)
-26
Evaluate (-10 - -26) + -3 - (25 + -1).
-11
Evaluate 23 + -19 + 12 - (1 - -41).
-26
Calculate (1 - (-4 + (7 - -7))) + 16.
7
What is -22 + 10 + 65 + (29 - 44)?
38
What is (-17 + 3 - -10 - -8) + -29?
-25
Evaluate 35 - 8 - -2 - 37.
-8
Evaluate 22 - (-28 - -19) - 33.
-2
What is the value of -2 - (-1 - (2 - 32)) - (-60 + 53)?
-24
(4 - (-25 - -12)) + 2 + 11
30
What is the value of 30 + (-34